Let k(p) = 5*p + 18. Let n(l) = 6*b(l) + 5*k(l). Let d be n(-10). Let q = 41 - 3. Calculate the highest common factor of d and q.
38
Suppose -10*k - 3008 = -8848. Calculate the highest common divisor of k and 1022.
146
Suppose -5*f - i - 4857 = 0, 0 = -2*f + 3*i + i - 1956. Let c = f - -1152. What is the greatest common divisor of 36 and c?
36
Let k = -14 - -48. Let h be (4/3)/(272/31212). Calculate the highest common divisor of h and k.
17
Let m be (2/(-6))/(6/(-2880)). Calculate the highest common factor of 55 and m.
5
Let z be ((-28)/(-21)*27/(-15))/(14/35). Suppose 0 = -3*p + 1 + 8. Let v be 1*(2/(-4))/(p/z). Calculate the highest common divisor of 3 and v.
1
Suppose 11*z + 56 = 18*z. Let w = 12 - 7. Suppose -w*b + 72 + 53 = 5*n, -n + 15 = -b. Calculate the highest common divisor of n and z.
4
Let m = 206 + -164. Suppose 48*i = m*i + 432. Calculate the highest common factor of 252 and i.
36
Suppose -2098*j + 2099*j = 89. What is the highest common divisor of j and 10502?
89
Let q(d) = 56*d - 12. Let n be q(17). Suppose -2*p = 3*s - 574, 0 = -5*s - 0*p + 5*p + n. Calculate the greatest common divisor of s and 10.
10
Let v(q) = 2*q + 1 - 23 - q + 2*q. Let c be v(9). Suppose -c*f + 127 = -3. Calculate the greatest common factor of 286 and f.
26
Let p = -12263 + 12309. What is the highest common divisor of 2162 and p?
46
Suppose 3*l - 406 = -4*v, -338*v - 3*l = -340*v + 194. Suppose 125 = -k + 6*k. What is the highest common factor of k and v?
25
Let c = 13 - 8. Suppose c*h - 4*u = 192, -4*h + 48 = -5*u - 102. Let d = -15244 + 15344. Calculate the greatest common factor of d and h.
20
Let l be 1 + 294/(2 + 5). Suppose 48*z = l*z + 80. Calculate the highest common factor of z and 7.
1
Let s(y) = 2*y**2 - 9*y + 14. Let c be s(6). Suppose 5*p - 5*z - 3705 = 0, 3*p - 577 = -4*z + 1611. Calculate the greatest common divisor of c and p.
32
Suppose -4230 = 80*g - 83*g. Suppose 10 = -10*j + g. What is the highest common divisor of j and 49?
7
Let q(d) = -d**2 - 137*d + 3203. Let g be q(20). Calculate the highest common factor of 77 and g.
7
Let k = 302 - 701. Let u = -224 - k. Calculate the highest common divisor of u and 14.
7
Let p(l) = -19*l + 110. Let n be p(13). Let k = n + 176. Calculate the greatest common factor of k and 52.
13
Let z(c) = 27*c**3 + 2*c**2 + c + 4. Let h be z(2). Suppose 4*j + j = h. Suppose 0 = -49*l + j*l + 210. Calculate the highest common factor of l and 10.
10
Suppose -3*r = 5*d - 72, -115 + 133 = r + d. Suppose 3*m - 126 = m. Calculate the highest common factor of r and m.
9
Let o(s) = -s**2 - 2*s + 16. Let q be o(-9). Let a = q + 86. Let z = -24 + a. Calculate the highest common divisor of z and 3.
3
Let h(d) = 28*d**2 - 17*d + 39. Let g = 571 - 569. Let t be h(g). Calculate the highest common factor of 52 and t.
13
Let r(f) = 83*f**2 + 968*f + 6. Let p be r(-12). What is the greatest common divisor of 36 and p?
18
Let o(p) = -2*p**2 - 69*p + 47. Let b be o(-35). Calculate the highest common factor of 12066 and b.
6
Suppose -3332*c - 1482 = -3351*c. What is the greatest common factor of 10491 and c?
39
Suppose 2*s - 156 = -5*f, 2*f = -1143*s + 1139*s + 312. Calculate the highest common factor of s and 9321.
39
Let l = 15091 - 15057. What is the greatest common divisor of l and 102?
34
Suppose -3530*l - 245 = -3537*l. Let h(n) = -n**2 - 4*n - 3. Let w be h(-2). Let p be (w - -1) + 276 + 2. What is the greatest common factor of p and l?
35
Let u be 207/9 - 21 - -3473. What is the greatest common factor of u and 1251?
139
Suppose 4*o + 13 + 7 = 0, 61 = -4*z - 5*o. Let j be (96/z)/(-8) - (-4)/6. What is the greatest common factor of j and 18?
2
Let s(u) = -u**3 - u**2 + 50*u + 5. Let z be s(7). Let m be -2*(z - -2) + -5. Calculate the highest common divisor of 65 and m.
65
Suppose 335*g - 296205 = 118*g. What is the highest common divisor of g and 91?
91
Suppose n - 4*d = 30, 11 + 9 = 2*n + 2*d. Suppose 2*v - 38 = -n. Calculate the greatest common factor of v and 42.
6
Let o(s) = 17*s - 142. Let y be o(14). Suppose 0 = -4*g + 12*g - y. Calculate the greatest common factor of g and 36.
12
Let r = 2652 - 2636. Let i = -191 + 351. Suppose -5*b = -4*h + 320, -3*b + i = 2*h - 0. Calculate the highest common divisor of r and h.
16
Let c(j) = j**3 + 9*j**2 + 7*j + 3. Let a be c(-8). Let h be (-3*106/(-12))/((182/(-14))/(-286)). What is the highest common divisor of a and h?
11
Suppose -s - 3*y = 0, -5*s + 172 - 64 = -3*y. What is the highest common divisor of s and 10566?
18
Let m(g) = 10*g**2 + g. Let n be m(-1). Suppose 4*x = -4*h + 2992, 3*h = 3*x - 126 + 2364. Calculate the highest common factor of n and h.
9
Suppose -2*n = 5*a - 903, -723 = -4*a + 2*n - 3*n. Let r(m) = 9*m**2 - 9*m + 13. Let g be r(6). Let v = g - a. What is the greatest common divisor of 68 and v?
34
Let i = 54 - 36. Suppose -5*y + 18*a + 190 = 16*a, -a = -4*y + 149. What is the highest common factor of i and y?
18
Suppose -4*x + x + 165 = 0. Let d = 45 - x. Let f = d + 21. Calculate the greatest common factor of 11 and f.
11
Let p(c) = 45*c**2 - 501*c - 42. Let j be p(13). What is the highest common factor of j and 510?
30
Let u = 1277 + -1056. What is the greatest common factor of u and 52?
13
Let x = 11804 - 11456. What is the highest common factor of x and 1479?
87
Let w be (-5502)/2*(-3)/36*4. Let j be 4 + (w/5 - (-6)/10). Let g = 264 - j. What is the greatest common divisor of 114 and g?
38
Let r = 211 - 207. Suppose v - c - 112 = -3*v, 4*c = -r*v + 132. What is the highest common divisor of v and 232?
29
Suppose -22*v = -4348 - 404. Let c = -64 + v. Calculate the greatest common divisor of 133 and c.
19
Let u = -89 + 53. Let d be (u/(-4))/((-6)/(-8)). Suppose 17*k - d*k - 1540 = 0. What is the highest common divisor of 28 and k?
28
Let w(x) = 2*x**2 - 29*x - 146. Let j be w(46). Calculate the highest common factor of j and 301.
43
Let g(s) = -2*s - 28. Let l be g(-12). Let m(h) = -3*h - 10. Let k be m(l). Suppose 52 = -k*u + 6*u. What is the greatest common divisor of u and 143?
13
Let o = 659 - 641. Suppose 2*s - 32 = -o. What is the greatest common divisor of 448 and s?
7
Let s = 99917 - 99860. Suppose 0 = 4*r - 3*l - 9, 4*l - 2 = 3*r. Calculate the highest common divisor of r and s.
3
Suppose -133*d - 27 = -142*d. Suppose 0 = n - 5, -4*s - d*n = n - 3964. What is the greatest common factor of s and 68?
34
Let a(z) = z**2 + 49*z - 20. Let w be a(-53). Calculate the greatest common divisor of w and 200.
8
Let b be (-4)/1*(1 + -2). Let x be ((-6)/(-8))/(3/956). Suppose 5 = -g, -x + 79 = -5*u - 4*g. What is the greatest common divisor of u and b?
4
Let r = 2455 - 2441. Calculate the greatest common factor of r and 4438.
14
Let b = 9281 - 6545. What is the greatest common factor of b and 32?
16
Let i(j) = 26*j**2 + 162*j + 1081. Let d be i(-7). What is the highest common divisor of d and 1?
1
Suppose -48*s - 198 = 42. Suppose -2 = 2*l - 3*l - 2*t, 4*t - 16 = -5*l. Let q be s*6/(-15)*58/l. Calculate the highest common divisor of q and 319.
29
Let a(f) = -33*f + 32. Let w be a(4). Let x = w - -136. Calculate the highest common factor of x and 108.
36
Let f = -21502 + 21508. Let k = -29 + 41. What is the greatest common divisor of f and k?
6
Suppose 5*d = -10, 3*n - 4*d - 65 = -0*n. Suppose -1 - n = 4*b, 2*l - b = 53. Suppose 0 = l*p - 18*p - 624. What is the greatest common divisor of p and 52?
52
Let a(k) = 2425*k**2 - 32*k - 33. Let r be a(-1). Calculate the greatest common factor of 48 and r.
24
Let v be 8 + 1 + 216/4. What is the greatest common divisor of v and 903?
21
Let o(j) = 3*j - 9. Let n be o(6). Let m be ((-1 - -1) + -1)*(147 - 148). What is the highest common factor of n and m?
1
Suppose b = 3*b + 4*t - 14, 0 = -4*b - 9*t + 22. Calculate the highest common divisor of 190 and b.
19
Let s(a) = -11*a**2 + 3*a - 1. Let m be s(4). Let f be (4 - 7)*(-3 - m)/(-2). What is the greatest common divisor of 9 and f?
9
Let z = 804 - 652. What is the highest common factor of z and 532?
76
Suppose 0 = -4*l + 3*m - 183 - 561, 2*m - 740 = 4*l. Let f = 228 + l. What is the greatest common factor of 45 and f?
45
Let l be (-11)/((-187)/(-17)) - ((-3609)/(-1))/(-1). Calculate the highest common factor of l and 328.
328
Suppose -3*l = l - 5*j + 35, -5*j + 25 